t is the highest common divisor of l and i?
28
Let g be 88/(-12)*(-1015)/10*12/28. Calculate the greatest common divisor of 253 and g.
11
Let a = 364 + -136. Let v = 7727 + -7691. Calculate the greatest common divisor of v and a.
12
Suppose 2*w - 8839 = -2119. Calculate the highest common factor of 35 and w.
35
Suppose -13*u + 28704 = -3536. What is the highest common divisor of 240 and u?
80
Let i be (-15)/(-40) + 650/16. Suppose 0 = -2*t + 3*o + 47, 0*t + 5*o + i = t. What is the greatest common factor of t and 304?
16
Let t be 0 + (-2)/1 + 4. Let i = 61 - 28. Suppose 3*u - 2*r - 30 = 0, -5*u - 3*r = -i + 2. What is the greatest common factor of t and u?
2
Suppose 0 = 6*s + 1058 - 8582. Calculate the highest common divisor of 264 and s.
66
Let u be (-270)/(-189)*(15/(-75) - (-212)/10). Calculate the greatest common divisor of u and 58890.
30
Let x = 696 - 494. Let g = x - 193. Calculate the greatest common factor of g and 99.
9
Let i(f) = f**3 + 36*f**2 - 46*f - 315. Let z be i(-37). Calculate the highest common divisor of 2400 and z.
6
Suppose -4*l + 5*b = 365 - 5542, 3*l = 3*b + 3879. Let g = 1368 - l. Let p = 101 + -69. What is the highest common divisor of p and g?
16
Let a(r) = -15*r - 1. Let s be a(-2). Let m be 16/28 + 21900/42. Calculate the highest common factor of s and m.
29
Suppose -314 = -33*h - 333 + 613. Suppose -3*b + 1132 = -3*c - 1067, 0 = -3*b - 3*c + 2229. What is the greatest common divisor of h and b?
18
Let y(s) = -195*s**3 + 4*s**2 + 21*s + 26. Let g be y(-3). What is the greatest common divisor of 112 and g?
112
Suppose 3*i + i + 249 = 5*q, 0 = 5*q + 3*i - 242. Let s = q + -29. Let f be ((-1500)/6)/(-5) + 5 + -5. Calculate the highest common divisor of s and f.
10
Let v(m) = 92*m + 14. Suppose -4*d - 2*g = -d - 4, -4*g = d + 2. Let x be v(d). What is the greatest common factor of x and 330?
66
Suppose 4*f = 5*t + 33 + 64, 4*t - 2*f + 74 = 0. Let p be (765/18)/t*-18. Suppose -2*v + 54 = -0*v. Calculate the highest common factor of v and p.
9
Suppose -231*f - 3557568 = 25*f - 8668352. What is the highest common divisor of f and 23?
23
Suppose -2*u + 1428 = 12*u. Let h = 12 - 5. Let d(s) = 20*s + 13. Let w be d(h). Calculate the greatest common factor of u and w.
51
Suppose v + v = 400. Let k(m) = -6*m**2 + 153*m - 542. Let u be k(21). What is the highest common factor of v and u?
25
Let j(z) = 161*z**2 - 499*z - 498. Let o be j(-1). What is the highest common divisor of o and 1584?
18
Suppose 0 = 2*b + 5*z - 63, 8*b - 9*b - 4*z = -42. What is the greatest common divisor of 7028 and b?
14
Suppose 43*n = 18*n + 7600. What is the highest common divisor of n and 532?
76
Suppose 5*g + 3*r + 0*r - 205 = 0, -3*g + 3*r = -147. Let j = 47 - g. Let d be (j - (2 - -1)) + 78. What is the greatest common factor of d and 39?
39
Suppose g - 6*g - 28 = r, 5*g + 40 = -5*r. Let s be 9 - 420/50 - 327/g. What is the greatest common divisor of s and 33?
33
Let i(k) = -k**3 - 6*k**2 + 8*k + 15. Let v be i(-7). Let d = 37 + -34. What is the highest common divisor of d and v?
1
Let f be 259 - (12/18 - (-7)/3). Suppose 0 = -x - 4, 6*u = 3*u - 3*x - 12. Let k be (-32 - u)/(((-54)/12)/9). What is the highest common factor of k and f?
64
Suppose 4*s - 215 - 97 = -k, -5*s = k - 313. Calculate the greatest common divisor of 4543 and k.
77
Suppose 4*n - 2*z = 204, 5*n - 256 = 7*z - 4*z. Suppose 2*c - 3*o = 42, 5*o + 13 = 3*c - n. What is the greatest common divisor of 273 and c?
21
Suppose -3*o = 2*o - 2*v - 249, o - 63 = -4*v. Let j = o - -261. What is the greatest common factor of j and 24?
24
Suppose -4*w - 4*x + 87 = -3*w, 2*x + 219 = 3*w. Suppose 4*s - s - w = 0. Let v = 14389 - 14364. What is the highest common divisor of s and v?
25
Let o = 19529 + -19104. What is the highest common factor of o and 697?
17
Let g be 28/6 - (-12)/(-18). Suppose -k - 9 = 2*k + s, 0 = -4*s. Let m be (-5 - k - 0) + 92/2. Calculate the highest common divisor of m and g.
4
Let j = -6826 - -6866. Calculate the greatest common divisor of j and 272.
8
Suppose 0*c = -2*c + 5*i + 5209, -2603 = -c + 4*i. Calculate the highest common divisor of c and 99.
33
Let o(q) = -q**3 + 114*q**2 - 95*q - 1962. Let r be o(113). Let k be 28/3 - (-1)/(-3). What is the greatest common divisor of r and k?
9
Suppose -218 = 8*x - 458. What is the highest common factor of 1095 and x?
15
Let f = 251 + -214. What is the highest common divisor of 3 and f?
1
Let d be (22 - -405)*((5 - 2) + -2). Suppose -3*f - 2*u + 1374 = 0, -32 = -f - u + d. Calculate the highest common factor of f and 12.
12
Let q = 156 + -108. Suppose -5*v + 8*v - 165 = -5*b, v = -b + 31. Calculate the highest common factor of b and q.
12
Let g = -3768 + 4264. Calculate the greatest common factor of g and 434.
62
Let j be 40/(-1 + 3 + -6 + (-9)/(-2)). What is the greatest common divisor of j and 1810?
10
Suppose -18*k + 313 = -425. What is the highest common factor of k and 7421?
41
Suppose 13 = k + 4. Let s(c) = -c**2 + 7*c - 8. Let u be s(2). Suppose 2*x = -u*d + 76, 3*x - 150 = -5*d + d. Calculate the greatest common factor of k and d.
9
Let n be (2/(1 - 0))/((-13)/(-73788)*22). What is the greatest common divisor of n and 96?
12
Suppose 2*g + 0*g - 7*g = 0. Suppose g = 17*i - 45 - 108. What is the highest common factor of i and 117?
9
Let t be 1/(((-32)/56)/(-4)). Suppose 317 = -t*a + 1605. Calculate the highest common factor of 8 and a.
8
Let l(v) = 12*v + 442. Let g be l(-33). Let f = -182 - -184. What is the highest common divisor of f and g?
2
Let t(n) = -9*n + 3. Let k be t(1). Let o(h) = h**2 + 6*h + 10. Let f be o(k). Let y = 92 - f. What is the highest common divisor of y and 123?
41
Let m be 64/24*(-6)/(-4). What is the greatest common factor of 724 and m?
4
Let h(p) = -p**3 - 4*p**2 - 2*p + 15. Let r = -38 + 33. Let n be h(r). Calculate the greatest common factor of 10 and n.
10
Let q be ((-1320)/(-100))/((-3)/(-20)). Suppose 5*b - 18 = 92. Calculate the greatest common divisor of q and b.
22
Suppose 0 = a + 4*t - 1489, 0 = 504*t - 503*t - 5. What is the greatest common divisor of 13 and a?
13
Suppose 0 = 31*x - 29*x - 24. Let h be (-5 + -42)/((-4)/x*3). What is the highest common factor of h and 564?
47
Let h(p) = 19*p**2 + 55*p + 593. Let c be h(-12). Calculate the greatest common factor of 1099 and c.
157
Suppose -3*l - 5*o = -141, 4*l + 10*o = 14*o + 156. Let r(j) = -j**3 + 10*j**2 + 6*j - 8. Let u be r(8). Calculate the highest common factor of l and u.
42
Let d(o) = -17*o - 227. Let y be d(-19). What is the highest common divisor of y and 756?
12
Let r = -114 + 46. Let y = 88 + r. Let h(j) = -j**3 + 4*j**2 + j. Let m be h(2). Calculate the greatest common divisor of m and y.
10
Suppose -5*q + 6 = -2*y, 5*q - q - 5*y + 2 = 0. Let o = -16 + 40. Suppose -o = -q*k + 4. Calculate the highest common factor of k and 112.
14
Let f be (-1)/(-2)*(-6 + 6). Suppose f = 9*g - 11*g. Suppose 0 = -g*n + 5*n - 15. What is the greatest common divisor of n and 33?
3
Let s = 5 - -51. Suppose 0 = x + 6*x + s. Let g be 13/(26/(-8))*10/x. Calculate the greatest common factor of 1 and g.
1
Let n(c) = -c + 9. Let g be n(-6). Let h be (-2 + 8)*g/6. Let r = -106 + 121. Calculate the highest common factor of r and h.
15
Suppose w + 3*g - 54 = -13, -5*w - 2*g = -257. Let m = 24133 - 23709. Calculate the highest common factor of w and m.
53
Suppose -1 = -2*s - 5*c - 100, 2*s + 107 = 3*c. Let d = 37 + s. Let x = 33 + d. Calculate the highest common factor of 18 and x.
18
Let q be 7/49 + (-48)/(-7). Suppose 2*s + 4*w = 510, -779 = -3*s + w + q. Calculate the greatest common factor of s and 9.
9
Let k = 15 - 39. Let b = k + 19. Let i be (-2142)/(-90) + (-1)/b. What is the greatest common divisor of 4 and i?
4
Let u(n) = -n**2 - 7*n - 19. Let p be u(-8). Let z = -29 - p. Let c be ((-5)/(15/48))/z. What is the highest common divisor of 8 and c?
8
Let d be 15/(-2 + 7) - -123. Let s be (-7)/(-1)*49*36/d. What is the highest common factor of 245 and s?
49
Suppose 840*q = 871*q - 248. What is the highest common factor of 43 and q?
1
Let w = -9012 + 12808. Calculate the highest common divisor of 143 and w.
13
Let b = -36 + 36. Suppose b = -l + 20 - 2. Let k = l - 3. What is the highest common factor of k and 5?
5
Let f(q) = q**3 - 24*q**2 -